 16. Let j be p(12). List the prime factors of j/(-14) - 60/(-35).
2
Let i(y) = 39*y**2 + y + 1. Let n be i(-1). Suppose 4*f - n = 3*r + 46, 0 = -5*f + 2*r + 101. List the prime factors of f.
19
Let o be 3/(-9)*-9 + 60. Let l = -37 + o. What are the prime factors of l?
2, 13
Suppose 4 - 23 = -a. List the prime factors of a.
19
Suppose 0 = -2*m + 7*m. Suppose m = -2*o + 4*o. List the prime factors of (1 + o)*(8 + -1).
7
Suppose 2*i + q = 5, -i - 4 = -5*q + 10. Suppose 5*j - 29 = 1. Let o = i + j. What are the prime factors of o?
7
Let q = -8 - -12. Suppose -m - 15 = -q*m. List the prime factors of m.
5
Suppose 4*q - 20 = 4*a + 108, 5*q = -4*a + 124. List the prime factors of q.
2, 7
Suppose -2*c - 2*f = 4 - 12, c + 5*f = 12. Suppose l - 3*l + c*w = -12, 5*l - 18 = w. List the prime factors of l.
3
Let m be (-4)/2 + 1 + 6. Suppose 14 = 3*b + m*g - g, 5*g = -3*b + 16. What are the prime factors of 3/(-6) - (-23)/b?
11
Suppose -5*i + 105 = -2*i. What are the prime factors of i?
5, 7
Let j(z) = 100*z**2 - 3*z + 4. List the prime factors of j(1).
101
Suppose -52 = -5*s + 133. List the prime factors of s.
37
Let j(x) = x**3 - 2*x**2 - x - 3. Let c be j(4). Suppose -8*h + 3*h = -25. Suppose -h*i = -10 - c. List the prime factors of i.
7
Let b = -19 + 9. Let l be (-6)/6 - 6*b. Suppose -l = 5*d - 154. List the prime factors of d.
19
Suppose 0 = -5*x - 5*c + 3*c + 1285, 2*x - 2*c - 528 = 0. List the prime factors of x.
7, 37
List the prime factors of (4 + 5 + -3)/1.
2, 3
Let n = -78 + 148. What are the prime factors of n?
2, 5, 7
List the prime factors of (0 - (-5)/2)/(4/200).
5
Let o = -105 + 60. Let t = -23 - o. What are the prime factors of t?
2, 11
Let q(c) = -c**3 - 8*c**2 - c - 1. List the prime factors of q(-9).
89
Suppose f - 1 - 2 = 0. Suppose -u = -3*d + f*u + 54, 3*d + 2*u = 36. List the prime factors of d.
2, 7
Suppose 0 = -w - 7*w + 2328. List the prime factors of w.
3, 97
Suppose 2*h + 0*h = -4*k - 16, 0 = -2*h - 3*k - 12. Suppose 4*v + 8 = 0, 0*x - 3*x + 28 = v. Suppose z + h*z - x = 0. List the prime factors of z.
2, 5
Let d be 4 + -1 - (2 + -1). Suppose 0 = -d*y + y. Suppose y = u - 0*u - 18. What are the prime factors of u?
2, 3
Let t be (3*-2)/(8/(-20)). Let m(u) = 3*u**2. Let k be m(-5). Suppose -5*a + k = t. List the prime factors of a.
2, 3
Let g = 2 + 4. Let m = -19 + 23. Let n = g + m. What are the prime factors of n?
2, 5
Suppose b - 3*b - 80 = -2*u, -3*b - 15 = 0. What are the prime factors of u?
5, 7
Suppose -5*s - 221 = -671. What are the prime factors of s?
2, 3, 5
Let z(d) = -d**3 - 24*d**2 + 22*d - 30. List the prime factors of z(-25).
3, 5
Suppose a - 4*b = -a - 20, b = -2*a + 5. Suppose -m + 4*m = a, 28 = 2*r + 2*m. What are the prime factors of r?
2, 7
Let g = 0 - -13. Suppose 4*u + 3*l = 31 + g, 4*l = 5*u - 55. Let m = 20 - u. List the prime factors of m.
3
Suppose 118 = 7*i - 3*i - 5*p, -2*i = 5*p - 74. List the prime factors of i.
2
Suppose 0 = -4*h - 5*b - 20 - 36, h - 5*b - 11 = 0. List the prime factors of 57*(1 - (-6)/h).
19
Let n(l) = l**2 - 4*l + 3. Let a be n(7). Suppose -2*v = h + 3*v - a, -3*v - 54 = -3*h. What are the prime factors of h?
19
Let w = -144 + 244. What are the prime factors of w?
2, 5
Suppose -3*g - 62 = -5*w, 2*w = -4*g - 56 + 8. What are the prime factors of g*(-1)/(-2)*-1?
7
Suppose 2*o - 3*o + 4 = 0. Let d be (2 - -22)*(-2)/4. Let a = o - d. List the prime factors of a.
2
List the prime factors of (18/(-27))/((-1)/48).
2
Let n be -3 + 0 + 119 + -3. Suppose -4*v + n - 41 = 0. List the prime factors of v.
2, 3
Suppose -45 = 4*w + w. Let u = -5 - w. List the prime factors of u.
2
Suppose -3*n = 5*l + 111, -3*l = -4*n - 28 + 112. Let p = -4 - l. List the prime factors of p.
2, 5
Let x = 4 + -3. Let p be (-24)/(-20)*(-20)/(-6). Let j = p + x. What are the prime factors of j?
5
Let w = 235 - 151. What are the prime factors of w?
2, 3, 7
Let k(b) = -b**2 + b. Let q(y) = -5*y**2 + 9*y + 7. Let z(j) = -4*k(j) + q(j). What are the prime factors of z(5)?
7
Let n be 289/4 - 5/20. Let c = n + -48. What are the prime factors of (c/14)/((-4)/(-42))?
2, 3
Let h(m) = -m**3 - 10*m**2 - 4*m - 24. What are the prime factors of h(-12)?
2, 3, 13
What are the prime factors of (0/4)/2 + 28?
2, 7
Let w = -96 - -133. What are the prime factors of w?
37
List the prime factors of 260/(-8)*4/(-5).
2, 13
Let u(g) = -g**2 - 6*g + 10. Let x(h) = -h**2 - 7*h + 11. Let r(k) = -3*u(k) + 4*x(k). List the prime factors of r(-10).
2, 7
Let j = -95 - -109. What are the prime factors of j?
2, 7
Let m(z) = -z**2 - 11*z - 5. Let o = 8 + -8. Suppose v = -o*v - 7. List the prime factors of m(v).
23
Let p(d) = -d**3 + 3*d - 6. Let j be p(-6). Suppose c = 3*a + 5*c - 105, -5*a + j = c. What are the prime factors of a?
3, 13
Let p(o) = -o**2 + 14*o - 13. Let d be p(10). Suppose 7*c - d = 4*c. What are the prime factors of c?
3
Let c(u) be the first derivative of -u**3/3 - 4*u**2 - 3. List the prime factors of c(-7).
7
Let q = -1 - -4. List the prime factors of q.
3
Suppose -6*y = -2*g - y + 75, 0 = 3*y - 3. Suppose 3*m + m - g = 0. List the prime factors of m.
2, 5
Let x(q) = -q**3 - 15*q**2 - 14*q + 2. Let m be x(-14). Suppose 4*u - 5*u - s = -8, -u = -4*s + m. What are the prime factors of u?
2, 3
Let q = -93 + 66. Let p = q - -39. Suppose -b = 2*b - p. What are the prime factors of b?
2
Let q(k) = 8*k. Let j(w) = w. Let h(o) = -3*j(o) + q(o). Let v be h(-2). Let s = v + 14. List the prime factors of s.
2
Let c be (7/(-21))/((-1)/12). Let k(f) = -2 + 1 - c*f + 2*f + 4*f. What are the prime factors of k(8)?
3, 5
Suppose 0 = 4*s - 44. List the prime factors of s.
11
Let z(f) = -f**2 - 14*f - 9. Let a be z(-9). Suppose -4*t + a = -t. List the prime factors of t.
2, 3
Suppose 3*p - 888 = -p. List the prime factors of p.
2, 3, 37
Suppose 3*f - 616 = f. List the prime factors of f.
2, 7, 11
Let l = 6 + -1. What are the prime factors of l?
5
Suppose -2*k - f + 126 = 0, 4*f = -3*k + 2*f + 190. What are the prime factors of k?
2, 31
Let m = 13 - -57. List the prime factors of m.
2, 5, 7
Let i(t) = t**3 + 8*t**2 + 4*t + 2. List the prime factors of i(-4).
2, 5
Suppose -b - 2*b = -s - 15, -3*s = 4*b - 20. Suppose 4*g - f - 16 = s, -1 = -3*g - 3*f + 26. What are the prime factors of g?
5
Suppose -4*s = -3*s - 26. Suppose -16 - s = -2*f - 2*j, j - 38 = -2*f. List the prime factors of f.
17
Suppose 2*j + 15 = 7*j. Let b = j + 4. What are the prime factors of b?
7
List the prime factors of 2/(-12) + 20264/48.
2, 211
Let x be ((-1)/4)/(2/(-8)). Let r = x - -8. What are the prime factors of r?
3
Let g(u) = -u**3 - 7*u**2 + 7*u - 3. Suppose 0*p = 5*p - 30. Let t be (p/(-9))/((-2)/(-24)). List the prime factors of g(t).
5
Let f be (-35)/(-14)*8/10. Suppose f*g + 2*i = -2*g + 168, -5*g + 188 = -3*i. List the prime factors of g.
2, 5
List the prime factors of 51/51 + -1*13*-1.
2, 7
Let k(u) = -u**2 + 5*u - 4. Let d be k(3). What are the prime factors of (-2)/2 + d*8?
3, 5
Suppose 2*b + 2*b = 0. Suppose 2*a + 5*t + b*t - 46 = 0, 4*t + 10 = 2*a. What are the prime factors of a?
13
List the prime factors of 1022/16 - 1/(-8).
2
Suppose 230 + 121 = 3*i. List the prime factors of i.
3, 13
What are the prime factors of 30 + (0 + -3)*1?
3
Let x = 160 - -29. List the prime factors of x.
3, 7
Let w be (-1 + 1/4)/((-6)/120). Suppose -5*r + 0*r + 10 = 0. What are the prime factors of w/r - (-4)/8?
2
Suppose -2*c + 5*l = 16 + 15, 0 = 4*l - 20. What are the prime factors of ((-9)/c + 2)*2?
2, 5
Let q(j) = 2*j**2 - 14*j + 2. List the prime factors of q(7).
2
Let z = 5 + -3. Suppose 3*y - 40 = -z*y. What are the prime factors of y?
2
Let p = 13 + -9. Let a be -4 - -2 - -1*p. Suppose 46 - a = 4*u. List the prime factors of u.
11
Let g(x) = -276*x**3 + x**2 - 1. List the prime factors of g(-1).
2, 3, 23
Let l(b) = -20*b - 42. Let o(k) = 7*k + 14. Suppose -n = -3*a + 29, -n - 2*n + 4*a = 67. Let x(v) = n*o(v) - 6*l(v). List the prime factors of x(-9).
5
Suppose 594 - 83 = 7*z. List the prime factors of z.
73
Let a = 244 - 13. List the prime factors of a.
3, 7, 11
Let v(g) = 10 - g**2 - 5*g**2 + 2*g**2 + 9*g + 5*g**2. What are the prime factors of v(-8)?
2
Suppose -255 - 113 = -4*t. What are the prime factors of t?
2, 23
Suppose 4*z = 16 + 4. Let w(t) = t**3 - 6*t**2 + 3